{"id":375,"date":"2021-12-23T12:11:02","date_gmt":"2021-12-23T10:11:02","guid":{"rendered":"http:\/\/nihongo.fi\/?page_id=375"},"modified":"2024-12-28T12:36:40","modified_gmt":"2024-12-28T10:36:40","slug":"375-2","status":"publish","type":"page","link":"https:\/\/nihongo.fi\/?page_id=375","title":{"rendered":"Tapahtumat vuonna 2022\/\u884c\u4e8b"},"content":{"rendered":"<ul>\r\n<li>\r\n<h2><strong><span style=\"color: #0000ff;\"><span style=\"color: #000000;\">29.1.2022<\/span><span style=\"color: #000000;\">\u00a0 Shinnenkai (Zoom)<\/span> \/ <span style=\"color: #000000;\">2022\u5e741\u670829\u65e5\u3000\u65b0\u5e74\u4f1a\uff08Zoom\uff09<\/span><\/span><\/strong><\/h2>\r\n<\/li>\r\n<li>\r\n<h2><span style=\"color: #ff0000;\"><span style=\"color: #000000;\">19.3.2022 \u00a0 35. japanin kielen puhetilaisuus<\/span> <span style=\"color: #000000;\">\/ <\/span><\/span><span style=\"color: #000000;\">2022\u5e743\u670819\u65e5\u3000\u7b2c35\u56de\u65e5\u672c\u8a9e\u3067\u8a9e\u308b\u4f1a<\/span><\/h2>\r\n<p>J\u00e4rjest\u00e4imme lauantaina 19.3. 2022(13:00-16:15) LAB ja LUT ammattikorkeakoulussa\u300035.japanin kielen puhetilaisuus kokonaan verkossa\uff08Zoom).<\/p>\r\n<span style=\"color: #000000; font-size: 1rem;\">2022\u5e743\u670819\u65e5\uff08\u571f\uff09(13:00-16:15) \u306b LAB\u3001LUT\u5fdc\u7528\u79d1\u5b66\u5927\u5b66\u306b\u3066\u7b2c35\u56de\u65e5\u672c\u8a9e\u3067\u8a9e\u308b\u4f1a\u3092\u5168\u30aa\u30f3\u30e9\u30a4\u30f3\u3067\u958b\u50ac\u3044\u305f\u3057\u307e\u3057\u305f\u3002<\/span><\/li>\r\n<\/ul>\r\n<ul>\r\n<li>\r\n<h2><strong><span style=\"color: #ff0000;\"><span style=\"color: #000000;\">7.5.2022 JOY:n luento : \u201cJapanin buddhalaisuus\u201d<\/span> <span style=\"color: #000000;\">\/ 2022\u5e745\u67087\u65e5\u3000JOY\u52c9\u5f37\u4f1a\u300c\u65e5\u672c\u306b\u304a\u3051\u308b\u4ecf\u6559\u300d<\/span><\/span><\/strong><\/h2>\r\n<\/li>\r\n<\/ul>\r\n<p>\u3000\u3000JOY j\u00e4rjestettiin<span style=\"font-size: 1rem;\">\u00a0<\/span>7.5.2022<span style=\"font-size: 1rem;\">\u00a0<\/span>(la) klo 14-15:30<span style=\"font-size: 1rem;\">\u00a0<\/span>Japanin buddhalaisuutta k\u00e4sittelev\u00e4 luennon suomeksi.<span style=\"font-size: 1rem;\">\u00a0Puhumassa on aihepiirin johtaviin asiantuntijoihin kuuluva\u00a0<\/span>Japanin-tutkija Aleksi J\u00e4rvel\u00e4,<span style=\"font-size: 1rem;\">\u00a0jonka esityksest\u00e4 saimme nauttia\u00a0<\/span>my\u00f6s t\u00e4m\u00e4n vuoden japanin kielen puhetilaisuudessa.\u3000<\/p>\r\n<p>\u3000\u30005\u67087\u65e5\uff08\u571f\uff0914\u6642\uff0d15\u6642\u534a\u3001JOY\u306e\u52c9\u5f37\u4f1a\u3092\u30aa\u30f3\u30e9\u30a4\u30f3\u3067\u958b\u50ac\u3057\u307e\u3057\u305f\u3002\u4eca\u5e74\u5ea6\u306e\u300c\u65e5\u672c\u8a9e\u3067\u8a9e\u308b\u4f1a\u300d\u3067\u3082\u8b1b\u6f14\u3057\u3066\u3044\u305f\u3060\u3044\u305f\u65e5\u672c\u7814\u7a76\u8005\u30a2<wbr \/>\u30ec\u30af\u30b7\u30fb\u30e4\u30eb\u30f4\u30a7\u30e9\u6c0f\u306b\u3001\u300c\u65e5\u672c\u306b\u304a\u3051\u308b\u4ecf\u6559\u300d\u306b\u3064\u3044\u3066\u3001\u30d5\u30a3\u30f3\u30e9\u30f3\u30c9\u8a9e\u3067\u767a\u8868\u3057\u3066\u3044\u305f<wbr \/>\u3060\u304d\u307e\u3057\u305f\u3002<\/p>\r\n\r\n<ul class=\"has-medium-font-size wp-block-list\">\r\n<li>\r\n<h2><strong>20.11.2022 JOY vuosikokous klo 15-17 (Zoom) \/ 2022\u5e7411\u670820\u65e5\u300015\u6642-17\u6642 JOY\u5e74\u6b21\u7dcf\u4f1a<\/strong><\/h2>\r\n<\/li>\r\n<li>\r\n<h2><strong>3.12.2022 JOY:n luento: &#8220;Japanilainen nykyelokuva&#8221;\uff0f2022\u5e7412\u67083\u65e5 JOY\u52c9\u5f37\u4f1a\u300c\u73fe\u4ee3\u65e5\u672c\u6620\u753b\u300d<\/strong><\/h2>\r\n<\/li>\r\n<\/ul>\r\n","protected":false},"excerpt":{"rendered":"<p>29.1.2022\u00a0 Shinnenkai (Zoom) \/ 2022\u5e741\u670829\u65e5\u3000\u65b0\u5e74\u4f1a\uff08Zoom\uff09 19.3.2022 \u00a0 35. japanin kielen puhetilaisuus \/ 2022\u5e743\u670819\u65e5\u3000\u7b2c35\u56de\u65e5\u672c\u8a9e\u3067\u8a9e\u308b\u4f1a J\u00e4rjest\u00e4imme lauantaina 19.3. 2022(13:00-16:15) LAB ja LUT ammattikorkeakoulussa\u300035.japanin kielen puhetilaisuus kokonaan verkossa\uff08Zoom). 2022\u5e743\u670819\u65e5\uff08\u571f\uff09(13:00-16:15) \u306b LAB\u3001LUT\u5fdc\u7528\u79d1\u5b66\u5927\u5b66\u306b\u3066\u7b2c35\u56de\u65e5\u672c\u8a9e\u3067\u8a9e\u308b\u4f1a\u3092\u5168\u30aa\u30f3\u30e9\u30a4\u30f3\u3067\u958b\u50ac\u3044\u305f\u3057\u307e\u3057\u305f\u3002 7.5.2022 JOY:n luento : \u201cJapanin buddhalaisuus\u201d \/ 2022\u5e745\u67087\u65e5\u3000JOY\u52c9\u5f37\u4f1a\u300c\u65e5\u672c\u306b\u304a\u3051\u308b\u4ecf\u6559\u300d \u3000\u3000JOY j\u00e4rjestettiin\u00a07.5.2022\u00a0(la) klo 14-15:30\u00a0Japanin buddhalaisuutta k\u00e4sittelev\u00e4 luennon suomeksi.\u00a0Puhumassa on aihepiirin johtaviin asiantuntijoihin kuuluva\u00a0Japanin-tutkija Aleksi J\u00e4rvel\u00e4,\u00a0jonka esityksest\u00e4 saimme nauttia\u00a0my\u00f6s t\u00e4m\u00e4n [&hellip;]<\/p>\n","protected":false},"author":1,"featured_media":0,"parent":104,"menu_order":3,"comment_status":"closed","ping_status":"closed","template":"page-templates\/full-width.php","meta":{"footnotes":""},"class_list":["post-375","page","type-page","status-publish","hentry"],"_links":{"self":[{"href":"https:\/\/nihongo.fi\/index.php?rest_route=\/wp\/v2\/pages\/375","targetHints":{"allow":["GET"]}}],"collection":[{"href":"https:\/\/nihongo.fi\/index.php?rest_route=\/wp\/v2\/pages"}],"about":[{"href":"https:\/\/nihongo.fi\/index.php?rest_route=\/wp\/v2\/types\/page"}],"author":[{"embeddable":true,"href":"https:\/\/nihongo.fi\/index.php?rest_route=\/wp\/v2\/users\/1"}],"replies":[{"embeddable":true,"href":"https:\/\/nihongo.fi\/index.php?rest_route=%2Fwp%2Fv2%2Fcomments&post=375"}],"version-history":[{"count":22,"href":"https:\/\/nihongo.fi\/index.php?rest_route=\/wp\/v2\/pages\/375\/revisions"}],"predecessor-version":[{"id":749,"href":"https:\/\/nihongo.fi\/index.php?rest_route=\/wp\/v2\/pages\/375\/revisions\/749"}],"up":[{"embeddable":true,"href":"https:\/\/nihongo.fi\/index.php?rest_route=\/wp\/v2\/pages\/104"}],"wp:attachment":[{"href":"https:\/\/nihongo.fi\/index.php?rest_route=%2Fwp%2Fv2%2Fmedia&parent=375"}],"curies":[{"name":"wp","href":"https:\/\/api.w.org\/{rel}","templated":true}]}}

Tapahtumat vuonna 2022/行事

<ul>
<li>
<h2><strong><span style="color: #0000ff;"><span style="color: #000000;">29.1.2022</span><span style="color: #000000;">  Shinnenkai (Zoom)</span> / <span style="color: #000000;">2022年1月29日　新年会（Zoom）</span></span></strong></h2>
</li>
<li>
<h2><span style="color: #ff0000;"><span style="color: #000000;">19.3.2022   35. japanin kielen puhetilaisuus</span> <span style="color: #000000;">/ </span></span><span style="color: #000000;">2022年3月19日　第35回日本語で語る会</span></h2>
<p>Järjestäimme lauantaina 19.3. 2022(13:00-16:15) LAB ja LUT ammattikorkeakoulussa　35.japanin kielen puhetilaisuus kokonaan verkossa（Zoom).</p>
<span style="color: #000000; font-size: 1rem;">2022年3月19日（土）(13:00-16:15) に LAB、LUT応用科学大学にて第35回日本語で語る会を全オンラインで開催いたしました。</span></li>
</ul>
<ul>
<li>
<h2><strong><span style="color: #ff0000;"><span style="color: #000000;">7.5.2022 JOY:n luento : “Japanin buddhalaisuus”</span> <span style="color: #000000;">/ 2022年5月7日　JOY勉強会「日本における仏教」</span></span></strong></h2>
</li>
</ul>
<p>　　JOY järjestettiin<span style="font-size: 1rem;"> </span>7.5.2022<span style="font-size: 1rem;"> </span>(la) klo 14-15:30<span style="font-size: 1rem;"> </span>Japanin buddhalaisuutta käsittelevä luennon suomeksi.<span style="font-size: 1rem;"> Puhumassa on aihepiirin johtaviin asiantuntijoihin kuuluva </span>Japanin-tutkija Aleksi Järvelä,<span style="font-size: 1rem;"> jonka esityksestä saimme nauttia </span>myös tämän vuoden japanin kielen puhetilaisuudessa.　</p>
<p>　　5月7日（土）14時－15時半、JOYの勉強会をオンラインで開催しました。今年度の「日本語で語る会」でも講演していただいた日本研究者ア<wbr />レクシ・ヤルヴェラ氏に、「日本における仏教」について、フィンランド語で発表していた<wbr />だきました。</p>

<ul class="has-medium-font-size wp-block-list">
<li>
<h2><strong>20.11.2022 JOY vuosikokous klo 15-17 (Zoom) / 2022年11月20日　15時-17時 JOY年次総会</strong></h2>
</li>
<li>
<h2><strong>3.12.2022 JOY:n luento: &#8220;Japanilainen nykyelokuva&#8221;／2022年12月3日 JOY勉強会「現代日本映画」</strong></h2>
</li>
</ul>

<p>29.1.2022  Shinnenkai (Zoom) / 2022年1月29日　新年会（Zoom） 19.3.2022   35. japanin kielen puhetilaisuus / 2022年3月19日　第35回日本語で語る会 Järjestäimme lauantaina 19.3. 2022(13:00-16:15) LAB ja LUT ammattikorkeakoulussa　35.japanin kielen puhetilaisuus kokonaan verkossa（Zoom). 2022年3月19日（土）(13:00-16:15) に LAB、LUT応用科学大学にて第35回日本語で語る会を全オンラインで開催いたしました。 7.5.2022 JOY:n luento : “Japanin buddhalaisuus” / 2022年5月7日　JOY勉強会「日本における仏教」 　　JOY järjestettiin 7.5.2022 (la) klo 14-15:30 Japanin buddhalaisuutta käsittelevä luennon suomeksi. Puhumassa on aihepiirin johtaviin asiantuntijoihin kuuluva Japanin-tutkija Aleksi Järvelä, jonka esityksestä saimme nauttia myös tämän [&hellip;]</p>
