{"id":93,"date":"2019-04-03T14:58:18","date_gmt":"2019-04-03T14:58:18","guid":{"rendered":"http:\/\/nihongo.fi\/?page_id=93"},"modified":"2024-12-28T12:37:15","modified_gmt":"2024-12-28T10:37:15","slug":"tapahtumat-vuonna-2019","status":"publish","type":"page","link":"https:\/\/nihongo.fi\/?page_id=93","title":{"rendered":"Tapahtumat vuonna 2019\/\u884c\u4e8b"},"content":{"rendered":"\r\n<p><strong>26.1.2019 Shinnenkai<\/strong><\/p>\r\n<p><strong>22.3.2019\u00a0 JOY:n j<span class=\"ITWTqi_23IoOPmK3O6ErT\">apanin kulttuurin opettamisen workshop<\/span><\/strong><\/p>\r\n<p>Christian Galan (Toulousen yliopisto)<\/p>\r\n<p><strong>23.3.2019\u00a0\u00a0\u00a0 33. Japanin kielen puhetilaisuus <\/strong>Helsingin ty\u00f6v\u00e4enopistossa<\/p>\r\n<p><strong>29.3.2019 JOY:n kev\u00e4tworkshop<\/strong><\/p>\r\n<p>&#8220;T<span lang=\"aa\">eaching\u00a0 <\/span><span lang=\"aa\">Intermediate <\/span><span lang=\"aa\">and <\/span><span lang=\"aa\">A<\/span><span lang=\"aa\">dvanced classes<\/span>&#8220;<\/p>\r\n<p>Chisato Yoshioka (Japan Foundation, K\u00f6ln)<\/p>\r\n<p><strong>23.8.2019 JOY.n <span class=\"ITWTqi_23IoOPmK3O6ErT\">Workshop vieraana Koike Emiko-sensei<\/span><\/strong><\/p>\r\n<p>Emiko Koike (Waseda-yliopisto)<\/p>\r\n<p><strong>8.9.2019\u00a0\u00a0\u00a0\u00a0 Annantalon Japani-p\u00e4iv\u00e4<\/strong><\/p>\r\n<p><strong>8.11.2019 JOY:n syksyworkshop<\/strong><\/p>\r\n<p>&#8221; Verkkomateriaalit kieltenopetuksessa&#8221;<\/p>\r\n<p>Tuure Puurunen (Aasian ja Afrikan kielten hanke, koordinaattori)<\/p>\r\n<p><strong>28.11.2019 JOY:n vuosikokous<\/strong><\/p>\r\n<p>&#8212;&#8212;&#8211;<\/p>\r\n<p><strong>2019\u5e741\u670826\u65e5\u3000\u65b0\u5e74\u4f1a<\/strong><\/p>\r\n<p><strong>2019\u5e743\u670822\u65e5\u3000JOY\u52c9\u5f37\u4f1a\u300c\u65e5\u672c\u6587\u5316\u306e\u6559\u3048\u65b9\u300d<\/strong><\/p>\r\n<p>\u30b2\u30b9\u30c8\u3000\u30af\u30ea\u30b9\u30c1\u30e3\u30f3\u30fb\u30ac\u30e9\u30f3\uff08\u30c8\u30a5\u30fc\u30eb\u30fc\u30ba\u5927\u5b66\uff09<\/p>\r\n<p><strong>2019\u5e743\u670823\u65e5<\/strong>\u3000<strong>\u7b2c33\u56de\u65e5\u672c\u8a9e\u3067\u8a9e\u308b\u4f1a<\/strong><\/p>\r\n<p>\u30d8\u30eb\u30b7\u30f3\u30ad\u6210\u4eba\u5b66\u6821<\/p>\r\n<p><strong>2019\u5e743\u670829\u65e5\u3000JOY\u52c9\u5f37\u4f1a \u300c\u7d9a\u3000\u4e2d\u4e0a\u7d1a\u3092\u6559\u3048\u308b\u300d<\/strong><\/p>\r\n<p>\u8b1b\u5e2b\u3000\u5409\u5ca1\u5343\u91cc\u00a0\u00a0 \u5148\u751f\uff08\u56fd\u969b\u4ea4\u6d41\u57fa\u91d1\u30b1\u30eb\u30f3\u65e5\u672c\u6587\u5316\u4f1a\u9928\uff09<\/p>\r\n<p><strong>2019\u5e748\u670823\u65e5\u3000JOY\u30ef\u30fc\u30af\u30b7\u30e7\u30c3\u30d7\u3000<\/strong><\/p>\r\n<p><strong>\u300c\u5c0f\u6c60\u6075\u5df1\u5b50\u5148\u751f\u3092\u56f2\u3093\u3067\u306e\u4f1a\u300d<\/strong><\/p>\r\n<p>\u8b1b\u5e2b\u3000\u5c0f\u6c60\u6075\u5df1\u5b50\u3000\u5148\u751f\uff08\u65e9\u7a32\u7530\u5927\u5b66\uff09<\/p>\r\n<p><strong>2019\u5e749\u67088\u65e5\u3000\u30a2\u30f3\u30ca\u30f3\u30bf\u30ed\u3000Japani-p\u00e4iv\u00e4\u30a4\u30d9\u30f3\u30c8\u3000\u53c2\u52a0<\/strong><\/p>\r\n\r\n\r\n\r\n<p><strong>2019\u5e7411\u67088\u65e5\u3000JOY\u52c9\u5f37\u4f1a\u300c\u30aa\u30f3\u30e9\u30a4\u30f3\u6559\u6750\u306e\u3042\u308a\u65b9\u300d<\/strong><\/p>\r\n<p>\u8b1b\u5e2b\u3000Tuure Puurunen \u5148\u751f (\u30a2\u30b8\u30a2\u30fb\u30a2\u30d5\u30ea\u30ab\u8a00\u8a9e\u30d7\u30ed\u30b8\u30a7\u30af\u30c8, \u65e5\u672c\u8a9e\u30b3\u30fc\u30c7\u30a3\u30cd\u30fc\u30bf\u30fc\uff09<strong><br \/><\/strong><\/p>\r\n<p><strong>2019\u5e7411\u670828\u65e5\u3000JOY\u7dcf\u4f1a\u3000<\/strong><\/p>\r\n","protected":false},"excerpt":{"rendered":"<p>26.1.2019 Shinnenkai 22.3.2019\u00a0 JOY:n japanin kulttuurin opettamisen workshop Christian Galan (Toulousen yliopisto) 23.3.2019\u00a0\u00a0\u00a0 33. Japanin kielen puhetilaisuus Helsingin ty\u00f6v\u00e4enopistossa 29.3.2019 JOY:n kev\u00e4tworkshop &#8220;Teaching\u00a0 Intermediate and Advanced classes&#8220; Chisato Yoshioka (Japan Foundation, K\u00f6ln) 23.8.2019 JOY.n Workshop vieraana Koike Emiko-sensei Emiko Koike (Waseda-yliopisto) 8.9.2019\u00a0\u00a0\u00a0\u00a0 Annantalon Japani-p\u00e4iv\u00e4 8.11.2019 JOY:n syksyworkshop &#8221; Verkkomateriaalit kieltenopetuksessa&#8221; Tuure Puurunen (Aasian ja Afrikan [&hellip;]<\/p>\n","protected":false},"author":1,"featured_media":0,"parent":104,"menu_order":6,"comment_status":"closed","ping_status":"closed","template":"page-templates\/full-width.php","meta":{"footnotes":""},"class_list":["post-93","page","type-page","status-publish","hentry"],"_links":{"self":[{"href":"https:\/\/nihongo.fi\/index.php?rest_route=\/wp\/v2\/pages\/93","targetHints":{"allow":["GET"]}}],"collection":[{"href":"https:\/\/nihongo.fi\/index.php?rest_route=\/wp\/v2\/pages"}],"about":[{"href":"https:\/\/nihongo.fi\/index.php?rest_route=\/wp\/v2\/types\/page"}],"author":[{"embeddable":true,"href":"https:\/\/nihongo.fi\/index.php?rest_route=\/wp\/v2\/users\/1"}],"replies":[{"embeddable":true,"href":"https:\/\/nihongo.fi\/index.php?rest_route=%2Fwp%2Fv2%2Fcomments&post=93"}],"version-history":[{"count":14,"href":"https:\/\/nihongo.fi\/index.php?rest_route=\/wp\/v2\/pages\/93\/revisions"}],"predecessor-version":[{"id":752,"href":"https:\/\/nihongo.fi\/index.php?rest_route=\/wp\/v2\/pages\/93\/revisions\/752"}],"up":[{"embeddable":true,"href":"https:\/\/nihongo.fi\/index.php?rest_route=\/wp\/v2\/pages\/104"}],"wp:attachment":[{"href":"https:\/\/nihongo.fi\/index.php?rest_route=%2Fwp%2Fv2%2Fmedia&parent=93"}],"curies":[{"name":"wp","href":"https:\/\/api.w.org\/{rel}","templated":true}]}}

Tapahtumat vuonna 2019/行事

<p><strong>26.1.2019 Shinnenkai</strong></p>
<p><strong>22.3.2019  JOY:n j<span class="ITWTqi_23IoOPmK3O6ErT">apanin kulttuurin opettamisen workshop</span></strong></p>
<p>Christian Galan (Toulousen yliopisto)</p>
<p><strong>23.3.2019    33. Japanin kielen puhetilaisuus </strong>Helsingin työväenopistossa</p>
<p><strong>29.3.2019 JOY:n kevätworkshop</strong></p>
<p>&#8220;T<span lang="aa">eaching  </span><span lang="aa">Intermediate </span><span lang="aa">and </span><span lang="aa">A</span><span lang="aa">dvanced classes</span>&#8220;</p>
<p>Chisato Yoshioka (Japan Foundation, Köln)</p>
<p><strong>23.8.2019 JOY.n <span class="ITWTqi_23IoOPmK3O6ErT">Workshop vieraana Koike Emiko-sensei</span></strong></p>
<p>Emiko Koike (Waseda-yliopisto)</p>
<p><strong>8.9.2019     Annantalon Japani-päivä</strong></p>
<p><strong>8.11.2019 JOY:n syksyworkshop</strong></p>
<p>&#8221; Verkkomateriaalit kieltenopetuksessa&#8221;</p>
<p>Tuure Puurunen (Aasian ja Afrikan kielten hanke, koordinaattori)</p>
<p><strong>28.11.2019 JOY:n vuosikokous</strong></p>
<p>&#8212;&#8212;&#8211;</p>
<p><strong>2019年1月26日　新年会</strong></p>
<p><strong>2019年3月22日　JOY勉強会「日本文化の教え方」</strong></p>
<p>ゲスト　クリスチャン・ガラン（トゥールーズ大学）</p>
<p><strong>2019年3月23日</strong>　<strong>第33回日本語で語る会</strong></p>
<p>ヘルシンキ成人学校</p>
<p><strong>2019年3月29日　JOY勉強会 「続　中上級を教える」</strong></p>
<p>講師　吉岡千里   先生（国際交流基金ケルン日本文化会館）</p>
<p><strong>2019年8月23日　JOYワークショップ　</strong></p>
<p><strong>「小池恵己子先生を囲んでの会」</strong></p>
<p>講師　小池恵己子　先生（早稲田大学）</p>
<p><strong>2019年9月8日　アンナンタロ　Japani-päiväイベント　参加</strong></p>



<p><strong>2019年11月8日　JOY勉強会「オンライン教材のあり方」</strong></p>
<p>講師　Tuure Puurunen 先生 (アジア・アフリカ言語プロジェクト, 日本語コーディネーター）<strong><br /></strong></p>
<p><strong>2019年11月28日　JOY総会　</strong></p>

<p>26.1.2019 Shinnenkai 22.3.2019  JOY:n japanin kulttuurin opettamisen workshop Christian Galan (Toulousen yliopisto) 23.3.2019    33. Japanin kielen puhetilaisuus Helsingin työväenopistossa 29.3.2019 JOY:n kevätworkshop &#8220;Teaching  Intermediate and Advanced classes&#8220; Chisato Yoshioka (Japan Foundation, Köln) 23.8.2019 JOY.n Workshop vieraana Koike Emiko-sensei Emiko Koike (Waseda-yliopisto) 8.9.2019     Annantalon Japani-päivä 8.11.2019 JOY:n syksyworkshop &#8221; Verkkomateriaalit kieltenopetuksessa&#8221; Tuure Puurunen (Aasian ja Afrikan [&hellip;]</p>
